1. What is m(4)?
11
Let k(d) = -d**3 + 2*d**2 - d + 10. Calculate k(3).
-2
Let s(x) = -22*x + 4. Determine s(-2).
48
Let h(j) = -j**2 + 3*j + 13. Give h(5).
3
Let n(c) = c**3 + 2*c**2 + 2*c - 7. Give n(-4).
-47
Let n(u) = -2*u**3 - 2*u**2 + 1. Determine n(-2).
9
Let d(q) = -q**2 - 2*q + 3. Give d(-3).
0
Let d(m) = -m**2 - 4*m + 1. Calculate d(-6).
-11
Let u(i) = -10*i**3 - i**2 + 3*i - 3. What is u(1)?
-11
Let w(g) = 2*g + 10. Calculate w(-17).
-24
Let w(m) = m**3 - 20*m**2 + 50*m + 15. Calculate w(17).
-2
Let i(m) = -m**3 + 9*m**2 - 5*m - 2. Calculate i(9).
-47
Let v(p) = p**2 - 15*p + 6. Calculate v(15).
6
Let p(a) = -5*a - 1. Give p(-4).
19
Let m(v) = -15*v**2 - 4*v - 3. Determine m(-1).
-14
Let h(o) = 2*o**2 - o - 2. What is h(2)?
4
Let z(n) = n**3 - 6*n**2 + 3*n + 4. Determine z(4).
-16
Let z(k) = k**3 - 5*k**2 + 8*k. What is z(4)?
16
Let z(w) = -2*w**2 - 71*w - 22. Give z(-35).
13
Let b(z) = 2*z**2 + 9*z + 2. What is b(-5)?
7
Let h(u) = -u**3 - 19*u**2 + 184*u + 47. What is h(-26)?
-5
Let m(g) = 71*g - 418. Calculate m(6).
8
Let x(z) = -11*z - 1. Give x(-2).
21
Let z(r) = -2*r**2 + 4*r + 18. Calculate z(-4).
-30
Let b(v) = -2*v**3 + 10*v**2 - 18*v + 6. Determine b(4).
-34
Let r(a) = 9*a**2 - a + 2. Give r(-2).
40
Let c(d) = -d**3 - 3*d**2 - 4*d + 1. Calculate c(0).
1
Let x(a) = 38*a + 265. Calculate x(-7).
-1
Let n(r) = -r**3 - 8*r**2 + 10*r + 1. Determine n(-9).
-8
Let t(d) = d**3 + 12*d**2 + 10*d + 11. Determine t(-11).
22
Let i(h) = 3*h - 32. Determine i(13).
7
Let q(r) = -r**3 + 12*r**2 + 21*r - 64. Calculate q(13).
40
Let a(o) = -o**3 + 13*o**2 - 8*o - 14. What is a(12)?
34
Let n(a) = a**3 + 2*a**2 - 4*a - 3. What is n(-5)?
-58
Let v(t) = 2*t**3 + 4*t**2 + 6*t + 3. Give v(-2).
-9
Let u(a) = a - 10. Determine u(10).
0
Let d(z) = 8*z - 16. Calculate d(4).
16
Let x(l) = -l**2 - 7*l - 3. Calculate x(-4).
9
Let w(d) = 5*d + 45. Calculate w(-10).
-5
Let f(c) = 5*c + 41. Determine f(0).
41
Let k(q) = 2*q**2 - q. Give k(-1).
3
Let r(n) = -11*n - 13. Calculate r(-6).
53
Let c(p) = 3*p**2 - 88*p + 16. What is c(29)?
-13
Let y(l) = -l**3 - l**2 + 4*l + 3. What is y(-2)?
-1
Let w(c) = -c**3 + 15*c**2 - 6. Determine w(15).
-6
Let i(y) = y**3 - 11*y**2 + 18*y + 5. Determine i(9).
5
Let p(x) = -x**3 + 10*x**2 - 10*x + 16. Calculate p(9).
7
Let w(a) = -a**2 - 5*a - 5. Determine w(-1).
-1
Let k(c) = c**3 + c**2 - 21*c - 1. What is k(-5)?
4
Let s(q) = -q**3 - 4*q**2 + q + 14. Determine s(-6).
80
Let k(y) = -y**3 + y + 27. Calculate k(0).
27
Let h(q) = -q**3 - 79*q**2 + 76*q - 316. Give h(-80).
4
Let l(s) = s - 1. What is l(1)?
0
Let k(q) = q**3 + 6*q**2 - 2*q - 14. Determine k(-6).
-2
Let d(z) = -12*z + 2. What is d(3)?
-34
Let q(o) = 6*o - 21. Determine q(6).
15
Let h(k) = 2*k + 4. Give h(2).
8
Let f(i) = -6*i - 40. Calculate f(-12).
32
Let z(c) = 20*c + 506. What is z(-25)?
6
Let a(q) = -2*q + 12. Give a(12).
-12
Let v(a) = 11*a - 8. Determine v(6).
58
Let r(d) = d**3 + d - 14. Determine r(0).
-14
Let d(a) = -3*a**2 - 7*a - 28. Calculate d(0).
-28
Let p(h) = 6*h + 73. Determine p(-10).
13
Let u(c) = 22*c - 321. Determine u(15).
9
Let c(h) = 527*h + 1578. Calculate c(-3).
-3
Let f(b) = b**3 + 7*b**2 - 22*b - 155. Determine f(-5).
5
Let a(i) = -i**3 + 6*i**2 - 17*i + 53. What is a(5)?
-7
Let g(j) = -4*j - 29. Determine g(-12).
19
Let k(y) = -5*y + 4. Calculate k(2).
-6
Let a(o) = o**3 + 9*o**2 + 9*o + 10. What is a(-8)?
2
Let u(n) = 3*n - 81. Calculate u(26).
-3
Let f(v) = -39*v + 23. Calculate f(1).
-16
Let t(z) = 3*z + 4. Calculate t(8).
28
Let d(j) = -j**3 - 2*j**2 - j. What is d(-2)?
2
Let t(n) = 3*n**2 - 18*n - 1. What is t(7)?
20
Let k(x) = -x**2 + 12*x + 121. What is k(19)?
-12
Let b(t) = -t - 73. Give b(-10).
-63
Let k(g) = 16*g + 134. Calculate k(-7).
22
Let z(f) = f**3 - 8*f**2 + 5*f + 4. What is z(7)?
-10
Let n(s) = 3*s**2 + 21*s + 16. What is n(-6)?
-2
Let p(m) = -m**2 + 23*m - 131. What is p(9)?
-5
Let q(g) = -g**3 + 10*g**2 + 19*g - 88. Calculate q(11).
0
Let c(b) = -13*b - 72. Give c(-6).
6
Let x(m) = -m + 24. Determine x(10).
14
Let n(g) = 8*g - 68. What is n(8)?
-4
Let z(o) = 3*o - 14. Give z(6).
4
Let s(q) = -q**3 + 7*q**2 - 6*q - 12. Determine s(6).
-12
Let z(d) = -2*d + 18. Give z(12).
-6
Let f(h) = 8*h - 2. Determine f(2).
14
Let u(z) = -z**2 - 16. What is u(9)?
-97
Let y(n) = -n**3 + 12*n**2 + 13*n - 3. Calculate y(13).
-3
Let s(c) = c**2 + 5*c - 9. What is s(-5)?
-9
Let u(b) = 26*b**3 - b**2. Determine u(1).
25
Let h(k) = k**3 - 14*k**2 + 24*k + 1. What is h(12)?
1
Let j(c) = c**3 + 2*c**2 - 5*c + 7. Give j(4).
83
Let k(h) = -h**2 + 5*h. What is k(10)?
-50
Let r(l) = -l**3 + 8*l**2 + 10*l - 40. Calculate r(9).
-31
Let b(d) = d + 7. Give b(10).
17
Let y(v) = -4*v + 9. Give y(-5).
29
Let n(v) = v**3 + 2*v**2 - 7*v - 2. What is n(-4)?
-6
Let a(p) = -p**2 - 7*p - 3. What is a(-5)?
7
Let c(w) = -7*w - 28. Give c(-6).
14
Let h(w) = -w**3 + 17*w**2 - 15*w + 6. Determine h(16).
22
Let t(y) = -y**3 + 13*y**2 - 3*y + 32. Determine t(13).
-7
Let y(r) = r + 6. Calculate y(-8).
-2
Let w(a) = -6*a - 4. Calculate w(7).
-46
Let t(p) = -6*p - 14. What is t(-6)?
22
Let o(i) = -i - 5. Calculate o(6).
-11
Let w(q) = -2*q - 38. Give w(-13).
-12
Let y(l) = -7*l**2 - l + 40. Determine y(5).
-140
Let k(m) = m**3 + 7*m**2 - 4*m - 8. What is k(-7)?
20
Let z(q) = -2*q**3 + 8*q**2 - 4*q - 11. Determine z(5).
-81
Let i(m) = m**2 + 41*m + 96. What is i(-38)?
-18
Let a(v) = v**3 - 33*v**2 - 26*v - 267. Determine a(34).
5
Let n(v) = -12*v + 13. What is n(5)?
-47
Let j(l) = -l**2 - 7*l + 56. Determine j(-12).
-4
Let y(l) = l**2 - 5*l + 2. What is y(6)?
8
Let x(j) = 2*j**2 - 10*j - 12. Determine x(7).
16
Let n(d) = d**2 + 21*d - 18. Determine n(-22).
4
Let r(u) = -u**3 - 24*u**2 - u - 27. Calculate r(-24).
-3
Let q(g) = -g**2 + 44*g - 464. Give q(26).
4
Let j(o) = o**3 + 28*o**2 + 98*o + 38. Determine j(-24).
-10
Let a(z) = -3*z - 6. Give a(-5).
9
Let u(p) = -p**3 + 10*p**2 + 10*p + 9. Calculate u(11).
-2
Let i(q) = -6*q - 2. Give i(-9).
52
Let d(w) = -w**2 + 11*w + 6. Give d(12).
-6
Let x(p) = -p**3 - 4*p**2 + 3*p - 1. Calculate x(-4).
-13
Let x(a) = a**3 - 9*a**2 + 9*a - 14. Give x(7).
-49
Let u(m) = 5*m + 105. Give u(-21).
0
Let y(q) = -q + 2. Give y(4).
-2
Let w(f) = f**2 - 8*f - 36. What is w(12)?
12
Let h(m) = -m**3 + 17*m**2 + 18*m - 5. Give h(18).
-5
Let i(t) = t**3 + 18*t**2 + 19*t + 40. Determine i(-17).
6
Let f(c) = -c**2 - 5*c - 2. Determine f(-4).
2
Let a(y) = y**2 - 5*y - 4. Calculate a(0).
-4
Let i(l) = -l**2 - 26*l + 88. Determine i(-29).
1
Let d(t) = 2*t + 5. Calculate d(-8).
-11
Let t(n) = -8*n - 3. Determine t(-5).
37
Let u(x) = -x**2 - 14*x + 271. Calculate u(-25).
-4
Let t(f) = 7*f + 53. Calculate t(-5).
18
Let k(a) = -3*a**2 + 11*a + 3. What is k(5)?
-17
Let x(s) = -s**3 - 10*s**2 - 18*s + 11. What is x(-6)?
-25
Let d(k) = -k**3 - 10*k**2 - 12*k. Give d(-8).
-32
Let v(p) = 3*p**3 + p - 2. Calculate v(-2).
-28
Let u(t) = t**2 + 16*t + 39. Calculate u(-8).
-25
Let m(y) = -2*y + 10. Give m(13).
-16
Let n(p) = 2*p - 33. What is n(12)?
-9
Let l(n) = -n**3 - 17*n**2 + 4*n + 41. Give l(-17).
-27
Let m(z) = -z**3 + 7*z**2 - 7. What is m(6)?
29
Let h(p) = 2*p + 40. Calculate h(-4).
32
Let l(m) = 5*m - 21. Calculate l(5).
4
Let g(y) = 34*y - 866. What is g(26)?
18
Let m(g) = -g**3 - 8*g**2 - 9. Calculate m(-8).
-9
Let l(j) = -j**3 - j - 9. Give l(0).
-9
Let p(a) = -a. Determine p(8).
-8
Let k(w) = -w**3 - 11*w**2 - 11*w + 6. Calculate k(-10).
16
Let m(x) = -x**2 - x - 11. Give m(0).
-11
Let t(w) = 2*w**2 + 8*w - 35. What is t(3)?
7
Let k(a) = a**3 + 9*a**2 + 12*a - 7. What is k(-8)?
-39
Let a(i) = -i**3 + 21*i**2 + 8. Calculate a(21).
8
Let z(v) = -66*v - 792. Calculate z(-12).
0
Let r(v) = v**3 - v**2 + 16. What is r(0)?
16
Let b(s) = -s**3 - 5*s**2 + 10*s + 13. Calculate b(-6).
-11
Let o(h) = h**3 - 5*h**2 - 9*h + 25. Determine o(6).
7
Let y(p) = 3*p + 37. Give y(-14).
-5
Let u(y) = -4*y + 19. Give u(3).
7
Let m(s) = s**3 - 4*s**2 + 5*s - 5. Give m(3).
1
Let p(b) = -21*b**2 + b. Determine p(1).
-20
Let w(j) = 4*j**2 + j - 18. Give w(-4).
42
Let w(f) = -f**2 - 2*f - 1. What is w(-4)?
-9
Let w(z) = -z - 4. Determine w(-1).
-3
Let c(f) = -10*f**2 - 9*f + 4. Calculate c(-5).
-201
Let k(f) = 28*f + 33. What is k(-2)?
-23
Let f(d) = -d**3 - 10*d**2